4)/(9/12). Calculate the greatest common factor of 6 and w.
6
Suppose 2*h + 9 = -13. Let j = -8 - h. Suppose -j*t - 75 = -8*t. What is the greatest common divisor of t and 75?
15
Let l = 12 + -5. Let h be (-2 - (-2 - 4)) + 0. Suppose 2*a + a - 148 = -r, 94 = 2*a - h*r. Calculate the greatest common divisor of a and l.
7
Suppose -4*q - 36 = 3*l, -5*l + 17 = -2*q - 1. Let t = 19 - q. Suppose -4*o + 2*a = -14, -5*o + 18 = 2*a - 4. What is the highest common factor of t and o?
4
Let a(u) = -u**2 - 4*u - 1. Let r be a(-4). Let i be ((-1)/(-2))/((-3)/(-12)). Let m = r + i. What is the highest common divisor of 3 and m?
1
Suppose -1 = -4*r + 11, -5*f + 111 = -3*r. What is the highest common factor of 6 and f?
6
Let w = 24 + -9. Suppose -9 = -3*u + 4*x, 0*u + 3*u = -4*x - w. Let l be 7/(-4)*(u + -3). Calculate the highest common factor of 63 and l.
7
Let h be (0 - -1 - 3)*3. Let g = 14 + h. Let t(j) = 2*j**3 + j**2 + 2*j. Let x be t(2). Calculate the highest common divisor of x and g.
8
Let g = 219 - 50. Let x = g + -79. What is the greatest common divisor of 36 and x?
18
Let h(g) = g + 1. Let t be h(-1). Suppose -9 + 1 = 5*d + 2*a, 3*d - 4*a - 16 = t. Suppose 8*y - 3*y - 70 = d. What is the greatest common divisor of y and 14?
14
Let x = 189 - 154. Let t be ((-2)/4)/((-2)/20). What is the greatest common factor of x and t?
5
Suppose 39 + 55 = -2*k. Let z = 95 + k. What is the highest common factor of 12 and z?
12
Suppose 3*h - 2*s - 18 = 7*h, 3*h = -2*s - 16. Let g = 6 + h. What is the greatest common factor of g and 2?
2
Let l = -63 - -87. What is the greatest common factor of 8 and l?
8
Suppose 2*r = 6*r - 616. Let s be 2 - (63/(-3) + 2). Let d be s*(-1 + (-15)/(-9)). What is the greatest common divisor of d and r?
14
Let f = -32 - -78. Calculate the highest common factor of f and 69.
23
Let t be -2 - (6 - 0 - -1). Let r(k) = 8*k + 2*k**2 - k**2 + 9 - 3*k. Let q be r(t). What is the greatest common divisor of q and 9?
9
Let c = -21 + 36. Let j(m) = 51*m - 6. Let k be j(8). Let i = k - 267. Calculate the greatest common factor of c and i.
15
Let f be 15/(-2)*(-2)/3. Suppose f*k - 3*k - 14 = 0. Suppose -k*a + 5*a + 40 = 0. What is the highest common divisor of a and 140?
20
Let g = -250 + 253. Let w be ((-3)/6)/((-1)/12). What is the highest common factor of w and g?
3
Let n be (-2)/3 - (4 - (-1883)/(-21)). Let v = 5 + 12. What is the greatest common factor of n and v?
17
Suppose 2*u - 16 - 6 = 4*l, -5*u + 22 = l. Suppose -u*i - 7 = -6*i. What is the greatest common divisor of i and 28?
7
Suppose 4*k - 2*k = 14. Let p(v) = v**2 - 2*v - 10. Let m be p(k). Let s = 43 - m. What is the greatest common factor of s and 2?
2
Let f = 22 - 10. Suppose -5*m + 165 = -15. What is the highest common divisor of m and f?
12
Let o = 101 + -66. Suppose 2*t = 3*g + o, 2*g + 0*g + 40 = 3*t. What is the greatest common divisor of 70 and t?
10
Let d(p) = -14*p. Let k be d(3). Let l be 1/2 - k/4. Suppose 0 = -2*v - 3*g + 72, 2*v + 0*g - 56 = 5*g. Calculate the greatest common divisor of l and v.
11
Suppose -488 = -5*n + 112. What is the highest common divisor of 15 and n?
15
Let j(p) be the third derivative of -p**5/60 - p**4/2 - 5*p**3/3 - 2*p**2. Let t be j(-9). Calculate the greatest common factor of 85 and t.
17
Let x be (2/3)/((-6)/(-27)). Let s(z) = z + 3 - 4*z + 8*z. Let b be s(x). Calculate the greatest common factor of b and 45.
9
Suppose 0 = 2*o + o - 27. Suppose 0 = 3*a - 14 + 5. Calculate the highest common divisor of o and a.
3
Suppose 74 = 5*h - 61. Let k be 1022/(-3)*h/(-18). Suppose 2*w = 4*x - 21 - 367, -5*x - 4*w + k = 0. What is the highest common factor of x and 11?
11
Suppose w - 41 - 12 = -j, 2*w - 3*j - 121 = 0. What is the highest common divisor of 40 and w?
8
Let o = -24 - -19. Let j(z) = 3*z**2 - 2 - 1 - 2 + z. Let i be j(o). Calculate the highest common divisor of i and 26.
13
Let k be 2*(3 + 3/(-6)). Suppose 6 = -k*y + 71. Calculate the greatest common divisor of 26 and y.
13
Suppose 0 = -3*v + 3*w + 5 - 2, 9 = v + 3*w. Calculate the greatest common divisor of v and 6.
3
Suppose -5*p + 2*f + 13 = 0, -p + 2 = -5*f + 4. Let m(u) = u**3 - 3*u**2 + 3*u + 3. Let k be m(p). What is the highest common divisor of 132 and k?
12
Let y = 3 + 1. Suppose y*o - 54 = o. What is the greatest common factor of o and 45?
9
Let g(z) = z - 6. Let l be g(0). Let d(w) = w**2 + 2*w + 6. Let j be d(l). Suppose 7*q = 3*q + 24. What is the highest common factor of j and q?
6
Let j(g) = g**3 - 15*g**2 + 21*g - 2. Let y be j(14). What is the greatest common divisor of 64 and y?
32
Suppose -2*x = -x + 109. Let o be 3/4 - x/4. What is the greatest common factor of o and 84?
28
Suppose -8*s + 52 = -52. What is the highest common divisor of 65 and s?
13
Suppose 2*q + 3*o - 24 = 211, 0 = 5*q - 3*o - 640. What is the greatest common factor of q and 25?
25
Let c = -120 - -168. Let f = -106 - -122. Calculate the highest common factor of f and c.
16
Let k = 45 - 40. Calculate the greatest common divisor of 25 and k.
5
Let z = -7 - -17. What is the greatest common factor of 25 and z?
5
Suppose 4*q = -s + 87, -5*q + 59 + 52 = -s. Let o = -66 + 99. Calculate the greatest common divisor of q and o.
11
Suppose 0 = -4*u + 20, -u + 0*u + 15 = h. Calculate the highest common factor of h and 160.
10
Let f = 958 - 616. Calculate the greatest common factor of f and 38.
38
Suppose -2*l + l = -5*h + 45, 10 = -2*l. Suppose h*q - 4*q - 76 = 0. Calculate the greatest common divisor of q and 38.
19
Let n = 50 - 20. Let i = n - 8. Suppose -2*g + 5*a = -115 + i, -162 = -4*g + 2*a. Calculate the highest common divisor of g and 13.
13
Suppose 8*n - 11*n = -75. What is the greatest common factor of 75 and n?
25
Suppose x = -2*l + 542, 2*l - x - 818 = -l. What is the greatest common divisor of 34 and l?
34
Suppose 4*q - 3*q = 0, 4*y - 80 = 5*q. Suppose -2*w = w - 45. Let z = w - 10. Calculate the highest common divisor of z and y.
5
Suppose -o - o = z - 2, o - 16 = -3*z. What is the highest common factor of 42 and z?
6
Suppose 257 = l - 51. Suppose 4*c - 3*b - l = -0*c, 5*b - 180 = -2*c. Suppose 2*i = -7 - 1, 3*h - c = -4*i. What is the greatest common factor of 4 and h?
4
Suppose -5*k + 0 = -105. What is the highest common factor of k and 14?
7
Suppose -7 = -2*p + 47. Suppose -2*t - p = -5*t. What is the greatest common factor of 9 and t?
9
Let u be 21 + (-1 - (-8)/4). Calculate the highest common factor of 11 and u.
11
Suppose -33*l + 32*l = -21. Calculate the highest common divisor of 21 and l.
21
Suppose -25*a + 33 = -22*a. Calculate the highest common factor of a and 11.
11
Let w(s) = s**2 + s + 17. Let o be w(0). Calculate the greatest common divisor of 17 and o.
17
Let h = -111 - -129. Calculate the greatest common divisor of h and 198.
18
Let k = 2 - -2. Suppose -k*b - 13 + 33 = 0. Suppose -b*y + 60 = -5*l, -74 = 3*y - 8*y - 2*l. What is the highest common factor of 42 and y?
14
Suppose -15 + 55 = 2*q. Let h = -1 - -7. Suppose -h*m + 2*m = -q. What is the greatest common divisor of m and 40?
5
Suppose -2*a - 10 = -2*w - 4*a, -5*a + 16 = 2*w. Suppose 0 = 3*b - g - 12, 28 - 1 = 5*b - 4*g. What is the greatest common divisor of b and w?
3
Let v(p) = -p**3 - p**2 + p + 1. Let s be v(-1). Suppose -g + 2*i + 134 = -s*g, -4*i + 656 = 5*g. What is the greatest common divisor of g and 12?
12
Let m = 10 + 12. Let c be (-1)/(-2 + 42/m). Let i(q) = -q**2 - 7*q + 5. Let k be i(-6). What is the greatest common divisor of c and k?
11
Let k = 140 + -90. Suppose -5*c = -74 - 26. What is the greatest common factor of c and k?
10
Suppose 0 = 3*k - 8*k + 3*x + 123, -k = -2*x - 26. Let v be 56/(-4)*k/(-14). Let q be 1/4 + 126/8. What is the highest common factor of q and v?
8
Let g(a) = 30*a**2 - a + 2. Let o be g(1). What is the greatest common divisor of 341 and o?
31
Suppose -3*m = u - 4*u + 27, 0 = -3*m + 9. Let p = 245 - 137. What is the highest common divisor of u and p?
12
Suppose 4 = 2*t + 2*w, 2*t + w + 3 - 9 = 0. What is the greatest common divisor of 2 and t?
2
Suppose 1232 = 2*r + 5*r. Suppose 0 = 3*l - 8 - 58. Calculate the greatest common factor of l and r.
22
Suppose -4*r + 55 = -53. Let p be (r/(-12))/(3/(-40)). What is the highest common divisor of 20 and p?
10
Let t(s) = -3*s + 6. Let x be t(4)